z + 1. What is w(k)?
-4
Let h be (-94)/(-12) + 1/6. Let a(r) = 1 - 1 - h*r - 1 + 0. What is a(-2)?
15
Let f(x) = x**3 - 3*x**2 + 2. Let d(m) = 2*m + 21. Let r be d(-9). Let l be r/(-2)*20/(-15). What is f(l)?
-2
Let t(l) = l**3 + 3*l**2 + l + 1. Let g be 14/(-8)*20/5. Let v = -9 - g. Let h be t(v). Let u(o) = o**3 - 2*o**2 - 3*o. What is u(h)?
0
Suppose 0 = 3*d - 2*d, -3*m - 5*d = 0. Let f = -9 - -9. Let s(p) = -2*p**3 - 1 + f*p + p + p**3 - 1. Determine s(m).
-2
Let h(t) = 2*t**2 + t - 1. Let i(s) be the first derivative of s**2/2 - 4*s - 2. Let k be i(6). Calculate h(k).
9
Let z be (-10)/(-2)*(3 - 2). Let a(i) = i - 1 + z*i - 2 + i**2. Calculate a(-6).
-3
Let g(s) = 7*s**2 + 14*s - 8. Let z(r) = -3*r**2 - 7*r + 4. Let x(f) = 4*g(f) + 9*z(f). Determine x(6).
-2
Let j(s) = 8*s - 1. Suppose d + v = -4, 0 - 7 = -5*d + 4*v. What is j(d)?
-9
Let t(j) be the first derivative of 1/2*j**2 - 5 - 6*j. Calculate t(0).
-6
Let m be 0*(2*1)/4. Let n(z) = -2*z**2 - z - 3. Let i(h) = 3*h**2 + 2*h + 7. Let w(j) = -3*i(j) - 5*n(j). Give w(m).
-6
Let h(n) be the second derivative of -7*n**3/6 - n**2/2 + 31*n. Calculate h(-1).
6
Suppose -i + 18 = -4*i. Let g(b) be the second derivative of b**5/20 + b**4/2 - b**3/6 - 3*b**2 + 39*b. Determine g(i).
0
Let x(a) = a + 8. Let c be x(-5). Suppose 5*o - u - 20 = 3*u, -12 = -3*o + 5*u. Let b(j) = 3 - j + c*j - 4 + o. Determine b(3).
9
Suppose v - 53 = 5*k, v + 52 = -4*k - 3*v. Let o(r) = -r**2 - 10*r + 14. Let x be o(k). Let g(u) = -u**3 + 2*u**2 + 2. Calculate g(x).
-7
Suppose -5*q - l + 24 = 0, 6*l - l = 3*q + 8. Let k(g) = -g + 0*g + q*g**3 + g. Give k(1).
4
Let w(k) = 7*k**2 + k**3 + 39*k - 13*k - 20*k + 1. Suppose 0 = -2*c + 7*c + 30. Calculate w(c).
1
Let f(b) be the second derivative of 0*b**2 - 1/4*b**4 + 3*b + 1/2*b**3 + 0. Suppose 3*v - 9 - 17 = 5*n, 5*v = 5*n + 30. What is f(v)?
-6
Let z = -4 - -7. Let m(s) = -7 + z + 0 + 2 - s. Calculate m(-6).
4
Suppose x + 6 = 3*x. Let j = x + -2. Let y(k) be the second derivative of 3*k**5/20 + k**4/6 - k**2/2 + k. Give y(j).
4
Let r(w) = 5*w**2 + w - 3. Let c(o) = -9*o**2 - o + 5. Let p(u) = 4*c(u) + 7*r(u). Let m = 13 - 9. What is p(m)?
-5
Let i(v) = -4*v - v**3 - v + 8*v - 1 - 2*v**2 + 0. Suppose 5*q - 3 = t, 2 = 2*t - 5*q + 3. Suppose t*k - 6 = 4*k. Determine i(k).
-1
Let f(o) = -o - 15. Suppose -3*k - k - 48 = 4*r, -5*k + 2*r - 25 = 0. Calculate f(k).
-8
Let p(u) be the third derivative of -u**5/60 + u**4/4 - u**2. Let a = 9 - 3. Determine p(a).
0
Let k(w) = -w**2 - w + 3. Let f = -36 - -36. Give k(f).
3
Let k(g) be the third derivative of 0*g + 1/60*g**5 - g**2 - 5/24*g**4 + 0 + 2/3*g**3. Calculate k(3).
-2
Let k(u) be the first derivative of -11*u**2/2 - u - 5. Let q = -2 + 3. Determine k(q).
-12
Suppose 28 = -n + 29. Let b(f) = 4*f**2 + 2*f - 1. Determine b(n).
5
Let s(p) = p**3 - 11*p**2 + 10*p - 7. Let h be s(10). Let v(a) = 6*a**2 - 41*a + 29. Let m(k) = k**2 - 8*k + 6. Let t(i) = -11*m(i) + 2*v(i). Determine t(h).
-1
Let y(k) = k**2 + 4*k - 1. Let i = 19 - 24. Determine y(i).
4
Let q(m) be the first derivative of -m**5/60 + 5*m**4/24 - 5*m**3/6 - m**2/2 - 2. Let c(y) be the second derivative of q(y). Give c(5).
-5
Let c(l) = l**3 + 4*l**2 - 2. Let k(d) = -d**2 + 1. Let x = -1 + 0. Let i(m) = x*k(m) + c(m). Suppose -b - 8 = b - g, -3*b = -2*g + 11. What is i(b)?
-3
Let n = 0 - 5. Let i(x) = -56*x**2 + 25*x**2 + 30*x**2 + 4 - 4*x. Give i(n).
-1
Let r(k) = k**2 - 4*k - 4. Let l = 3 + -1. Let n(z) = z + 0 + l*z - 4. Let h be n(3). What is r(h)?
1
Let y(n) be the first derivative of n**2 - n + 1. Let z(b) = -b**3 - 12*b**2 + 14*b + 12. Let t be z(-13). What is y(t)?
-3
Let n = 5 - 10. Let t = 0 + n. Let j(s) = -s**2 - 7*s - 5. Calculate j(t).
5
Let d(a) = -18*a**3 - 7*a**2 - 8*a + 5. Let w(s) = -s**2 - s + 1. Let g(n) = -d(n) + 6*w(n). Determine g(-1).
-18
Let l be 27/(-12)*(-24)/(-9). Let i(r) = r**3 + 7*r**2 + 6*r + 2. Determine i(l).
2
Let m(b) = 2*b**2. Let z be m(-2). Let i = z - 13. Let l(j) be the second derivative of j**3/6 + 3*j**2 + j. Give l(i).
1
Let m(u) = -u**3 - 3*u**2 + 2*u - 1. Let o(d) = -d**3 - d**2 + d - 4. Let c be o(-2). What is m(c)?
-9
Let f(q) = 8*q. Let n = 34 - 17. Suppose 3*p - 4*b = 2*p + 17, -5*p + 3*b = -n. Calculate f(p).
8
Suppose 0 = -4*k - 2 - 6. Let h(b) be the second derivative of b**4/12 + b**3/2 + 3*b**2/2 - 9*b. Calculate h(k).
1
Suppose 0 = s - 4 + 10. Let q(g) = -g**2 - 7*g + 1. What is q(s)?
7
Let v(p) = 6*p. Let d be 4/(-24)*-1*6. Give v(d).
6
Let r(c) = -3*c - 6. Let w be r(-4). Let i(m) = -m**3 + 4*m + 2*m**3 - 2*m - 10*m - w*m**2 + 7. Calculate i(7).
0
Suppose q - 3 = 4*q - y, 4*y + 18 = -3*q. Let w(m) = 2*m**3 + m**2 - 3*m - 1. Give w(q).
-7
Let g be -1 - -5 - (-1 - -7). Let i(n) = -12*n - 2. Determine i(g).
22
Let l(h) = 2*h + 4. Let u(d) = 2*d + 4. Let q(x) = -3*l(x) + 4*u(x). Determine q(-5).
-6
Let u(r) = r**3 + 2*r + 1. Suppose 0 = -3*h + 3*t - t + 7, 2*h - 4*t - 2 = 0. Suppose -2*c = -s, h*c = c - s + 8. Let p = 1 - c. Give u(p).
-2
Let k(h) = -2*h**3 - 6*h**2 - 5*h. Let v(s) = 6*s + 3*s**2 - 1 + 4*s**2 + 0 + 2*s**3. Let d(y) = 4*k(y) + 3*v(y). What is d(-2)?
5
Let b(a) = 1 + 1 - 1 + 64*a - 75*a. Determine b(-1).
12
Let x(s) be the first derivative of 3*s**2 - 5*s - 3 - 1/3*s**3. Give x(5).
0
Let l = 17 - 33/2. Let a(j) be the first derivative of 2 - l*j**2 + 2*j. Calculate a(2).
0
Let y(m) = -m**3 - 5*m**2 + 5. Let l = 0 + 0. Let k = 5 + l. Suppose 0 = -5*j - 10, -4*j = -3*x + j - k. What is y(x)?
5
Let y(k) = k**2 - 2*k - 2. Suppose 3 + 3 = 2*z. Let m(i) = 3 + z + 7 - 3 + i. Let o be m(-6). What is y(o)?
6
Let i(m) = 2*m**2 + m - 3*m**2 + 3*m - 6*m + 3. Let c be (7/4)/(2/8). Let w = 4 - c. Give i(w).
0
Let u(o) = -43*o**2 + 10 + 8*o + 30*o**2 - o**3 + 21*o**2 + 0*o**3. Determine u(9).
1
Let o(v) = -65*v**2 + 4*v**3 + v - 3*v**3 - 2 + 65*v**2. Calculate o(0).
-2
Let g(j) = -12*j**2 - j - 1. Suppose 5*r = -4 - 1. Determine g(r).
-12
Let c(d) = -2 + d + 3*d - d + 0*d. Let k be (-5 + 0 + 2)/(-1). Suppose -4*p = -4*x + 12, -k*x = 5*p - x - 20. Calculate c(p).
4
Let k(h) = 6 - 7 + 1 - 5*h. Let d(z) = -4*z. Let m(x) = 4*d(x) - 3*k(x). Determine m(1).
-1
Let i(n) = n**2 + 3*n - 2. Let q be i(-4). Let y(o) = -4*o + 4*o - 4*o + o. Calculate y(q).
-6
Let m(n) = n**3 - 18*n - 6*n**2 - 1 + 20*n + 2*n**2. Determine m(4).
7
Let h = -15 - -21. Suppose -4*q - 10 = i, 0*i - 2*i - 3*q = 20. Let y = i + h. Let l(z) = 2*z + 5. What is l(y)?
-3
Let c(t) = 4*t. Let j = 31 + -29. Give c(j).
8
Let t(x) = -x**2 + x - 1. Let p be 4 - (-1 - (4 + -8)). What is t(p)?
-1
Let s(o) = o**3 + 10*o**2 - 1. Let z be 96/(-10) - 24/60. Calculate s(z).
-1
Let u = 5 - 3. Let s = 5 + -3. Let z(d) = 4*d**2 + 1 - 3 - 2*d**s - 3*d**2. What is z(u)?
-6
Let g(p) = -p**3 + 4*p**2 - 4*p + 3. Suppose -k = 2*z - 7 - 0, -3*z = -6. Suppose -5*c + 4*c + 17 = 0. Suppose k*j - 4*s = c, 3*s = 5*j - 13 - 8. Give g(j).
0
Let q(p) be the second derivative of 7*p**3/6 + 2*p. Let y = -9 + 5. Let a = -5 - y. Calculate q(a).
-7
Let g(y) = y**3 + 3*y**2 - 6*y - 4. Let w = 59 + -63. What is g(w)?
4
Let j(n) = -4*n**2 + 9*n + 3. Let v(b) = -21*b**2 + 46*b + 16. Let w(m) = 11*j(m) - 2*v(m). Determine w(5).
-14
Let s(n) = n - 3. Let x(o) = -o**3 + 10*o**2 + 13*o - 26. Let j be x(11). Suppose 2*v - 4*p - 30 = 0, 3*v + 4*p - 23 = -8. Let t = j + v. Calculate s(t).
2
Let r(q) be the first derivative of q**4/4 - q**3/3 - q**2/2 + q + 4. Let s be r(1). Let u(w) = -w**3 + w**2 - w - 8. Calculate u(s).
-8
Let b(k) = 2 - 1 - 3 + 2*k. Calculate b(3).
4
Let n(r) = -4*r - 10. Let u(y) = y**2 - 4*y - 2. Let a be u(5). Let h(b) = -9*b - 21. Let o(w) = a*h(w) - 7*n(w). Calculate o(-5).
2
Let p(u) = u - 3. Let x(s) = -s + 4. Let w(i) = -5*p(i) - 4*x(i). Calculate w(-4).
3
Suppose 0*m - 3*m - 7 = -2*w, 11 = 4*w - 3*m. Let g(x) = x**3 - 2*x**2 + x - 2. Calculate g(w).
0
Let d(s) be the third derivative of -s**5/60 + s**4/24 + 2*s**3/3 + 8*s**2. Calculate d(-3).
-8
Let f(l) = l**3 - 4*l**3 - 25*l**2 + 26*l**2 - 3*l**3. Let w(p) = -p + 5. Let c be w(6). Give f(c).
7
Let b(y) = y**3 + 4*y**2 - 4*y + 3. Let c(f) = -2*f - 5. Let l be c(-6). Let x = l + -12. Let n be b(x). Let a(h) = -2*h - 2. Determine a(n).
2
Let j(c) be the first derivative of c**2/2 + c + 1. Let a(w) = w**2 + 5*w. Let o be a(